en b(-3) is divided by 35.
32
Let l(n) = -n**2 - 74*n + 162. What is the remainder when 546 is divided by l(0)?
60
Suppose 107*k - 105*k - 2848 = 0. Calculate the remainder when k is divided by 46.
44
Calculate the remainder when (-15100)/(-12) + (418/(-57))/(-2) is divided by 212.
202
Let j(f) = 3*f + f - 5*f + 13 + 6. What is the remainder when 30 is divided by j(8)?
8
Suppose 3*l - 261 = -2*q, 4*q - 2*q + 87 = l. What is the remainder when 1/(-4) - (-1385)/4 is divided by l?
85
Let z be (688/(-215))/(2/(-250)*2). Let i = z + -11. What is the remainder when i is divided by 24?
21
Let h = 7199 + -6895. Calculate the remainder when 561 is divided by h.
257
Let y = -331 + 331. Suppose y = 4*z - i - 117, 4*z - 5*i = 92 + 29. What is the remainder when 375 is divided by z?
27
Let u = -350 - -379. Suppose 64 = 4*x - 3*s, 17*x + 4*s + u = 18*x. What is the remainder when 27 is divided by x?
1
Suppose -12*p + 4061 = -119053 - 9714. What is the remainder when p is divided by 15?
14
Suppose -l - 74*c + 75*c = 83, -4*l - 334 = -3*c. Suppose -5*q - 87 = -6*q. Let o = q + l. What is the remainder when 2 is divided by o?
0
Let t = 265 + -250. Let j(d) = 4*d - 42. Suppose -4*y + 200 = -0*y. Calculate the remainder when y is divided by j(t).
14
Let r(i) = 14*i**2 + 2008*i + 4014. What is the remainder when 1726 is divided by r(-2)?
52
Suppose 450 = -13*d - 1292. Let s = d - -143. Calculate the remainder when 330 is divided by s.
6
Let u be ((-5)/4)/((-12)/48). Let y be (3 - 20/u) + 4. Suppose 0 = 3*p - 2*c - 84, 4*p - y*c - 83 = 29. Calculate the remainder when 138 is divided by p.
26
What is the remainder when 10/5 + (5/(-1) - 1*-2202) is divided by 314?
1
Suppose -5*p - 1436 = -4*w, 5*w = 5*p + 1144 + 656. What is the remainder when w is divided by 5?
4
Let s(c) = c**3 + 27*c**2 - 91*c - 9. Suppose 0 = -3*q - 3*g + 1077, -19*q - 1424 = -23*q - g. What is the remainder when q is divided by s(-30)?
19
Suppose 17492 = 14*b - 4978. Calculate the remainder when b is divided by 11.
10
Let b = -964 - -2733. Calculate the remainder when b is divided by 5.
4
Let d be (0 + 4 + -3)*26*1. Let p = -8 + d. What is the remainder when p is divided by 5?
3
Calculate the remainder when 1 + 0 + -2 - -183 is divided by 4*(-42)/448 + (-278)/(-16).
12
Let r = -9268 + 9311. Suppose m = 225 - 57. What is the remainder when m is divided by r?
39
Suppose 0*x + 4*x + 4*l + 16 = 0, 0 = 2*l + 6. Let n = 8 + x. What is the remainder when ((-164)/8)/((-1)/2) is divided by n?
6
Let p = 1462 - 949. What is the remainder when p is divided by 244?
25
Let b = -9131 - -9377. Calculate the remainder when b is divided by 160.
86
Let f(i) be the second derivative of i**5/20 + i**4/4 - 59*i**3/3 - 13*i**2 + 220*i. What is the remainder when f(-12) is divided by 47?
0
Let i(y) be the third derivative of y**6/120 - y**5/3 - 7*y**4/12 - 2*y**3 + 6*y**2. Calculate the remainder when i(21) is divided by 41.
12
Let p = -5564 - -5609. Calculate the remainder when 358 is divided by p.
43
Let k = -1740 + 1749. What is the remainder when 69 is divided by k?
6
Let g = 2512 - 2020. What is the remainder when g is divided by 77?
30
Let u = 84 + 55. Let k be 3 - 0 - 0/4. Suppose -k*x = -14 - 91. What is the remainder when u is divided by x?
34
Suppose 2*k - z = -k + 31, -3*k = -4*z - 25. Calculate the remainder when -1 + 226 + 624/48 is divided by k.
7
Let y be (9 + 0)*(-1 + 8). Calculate the remainder when (-2)/(8/y*7/(-84)) is divided by 19.
18
Suppose 3*v + 568 - 61 = 3*n, 817 = 5*n - v. Calculate the remainder when n is divided by 139.
23
Let v be (-1 - -3) + -2 - 0. Suppose -17*m + 79 + 23 = v. Suppose -48 = -m*t + 60. Calculate the remainder when 53 is divided by t.
17
Let c(y) = -y + 36. Let d be c(-18). Suppose 0 = -g - 7*s + 3*s + 28, 3*g - d = 3*s. Calculate the remainder when 97 is divided by g.
17
Suppose -73*a + 16*a - 15*a = -81288. Calculate the remainder when a is divided by 116.
85
Calculate the remainder when ((-226)/6 + 2712/226)*(-17 + -1) is divided by 6.
0
Let v(i) = i - 2. Let m(l) = -3*l**2 - 28*l + 9. Let q(y) = m(y) - 2*v(y). Calculate the remainder when 22 is divided by q(-10).
9
Suppose 63*n - 160 = 29. Suppose 2*v = -n*u + 177, -2*u = -4*v - u + 389. What is the remainder when 310 is divided by v?
22
Calculate the remainder when 2/((-10)/105) + 1083 is divided by 26.
22
Suppose -4*o + 85 + 87 = 0. Let v = 207 - 76. What is the remainder when v + -2*((-9)/(-6) - 0) is divided by o?
42
Let r(f) = -f**2 - 46*f - 189. Calculate the remainder when 846 is divided by r(-41).
14
Let z(h) = 34*h - 1. Let p = -55582 + 55626. Calculate the remainder when p is divided by z(1).
11
Suppose 0*y - 242 = -4*x - 5*y, 3*x = -5*y + 174. Calculate the remainder when 233 is divided by x.
29
Let y be 4 + -2 + 95 + 3 + 2. Let u = -75 + y. What is the remainder when 268 is divided by u?
25
Suppose -120*w + 1365 = 2730 - 41805. Calculate the remainder when w is divided by 32.
17
Let u be (-1 - (-2)/(-4))/(13/286). Let q = -26 - u. What is the remainder when ((-2080)/(-28))/10 + 4/q is divided by 5?
3
Let w = -6969 + 7190. What is the remainder when 2420 is divided by w?
210
Let m(q) = -10*q + 214. Suppose -4*b - 3*z + 1037 = 0, -3*b + 1083 = 4*z + 307. What is the remainder when b is divided by m(12)?
72
Let u(d) = d**2 + 5*d - 124. Let n be u(8). Let p = 68 - n. What is the remainder when 170 is divided by p?
82
Suppose 118*o = 149*o - 22010. Calculate the remainder when o is divided by 42.
38
Let w = -30579 - -39535. Calculate the remainder when w is divided by 112.
108
Suppose -5*h + 8*h - 22 = 2*c, -34 = 3*c - 5*h. Calculate the remainder when 1/((-8)/84*12/c) is divided by 7.
0
Let u(f) = -f**3 + 26*f**2 - 66*f - 12. Let i = -22 - -35. What is the remainder when u(23) is divided by i?
5
Let k = -2443 - -2549. Calculate the remainder when k is divided by 11.
7
Suppose -t = w - 67, 130 = 5*t - 3*t + w. Let o be (1*6)/(14/t). Calculate the remainder when 23 is divided by (-2)/(-9) - (-318)/o.
11
Suppose 5*f + 20 = -0*f, q + 4*f = 14. What is the remainder when 1107 is divided by q?
27
Suppose -c = 3*v + 20, 5*c + 3*v = 5*v - 134. Suppose 36 = 2*q + 7*q. Calculate the remainder when 165 is divided by q + 13/(c/(-60)).
29
Suppose -120 = 19*i - 14*i. Let t(q) = -q - 10. Let y be t(i). Calculate the remainder when y + 0 + -4*1 is divided by 6.
4
Let i(f) be the third derivative of -f**5/30 - 5*f**4/12 + f**3 + f**2 + 16. What is the remainder when i(-2) is divided by ((-22)/(-1))/(1 + 1)?
7
Suppose 0 = -273*g + 277*g - 5*x - 440, x = -4*g + 416. What is the remainder when 1866 is divided by g?
81
Suppose 4*c + 3*p - 557 - 199 = 0, 2*c = -2*p + 378. Let n = c - 32. What is the remainder when n is divided by 27?
22
Let x(g) = g - 2. Let y be x(4). Let c = -1727 + 1728. Suppose -3 = -2*b - c, -m + y*b + 19 = 0. What is the remainder when 78 is divided by m?
15
Let t = 136 - 120. Suppose 8*f + 40 = t. What is the remainder when 18 is divided by (2 + 10/f)/(6/(-45))?
8
Suppose 0 = -110*a + 160571 + 158400 + 84729. What is the remainder when a is divided by 68?
66
Suppose 121*i + 37815 = 118*i. Let a be -1 - i/55 - 4/22. Suppose -14*d + 38 = -a. Calculate the remainder when d is divided by 5.
4
Suppose 2*f + 189 = -4*i + 41, 0 = 5*i - 5*f + 155. Let d = i - -67. Suppose -4*g = -d - 48. Calculate the remainder when 36 is divided by g.
16
Let w(f) = f**2 + f. Let b(h) = -3*h**2 - 1. Let g(t) = b(t) + 2*w(t). Let o be g(0). What is the remainder when 8 is divided by -2 - o - (-8 - -1)?
2
Let q = 17289 + -17132. What is the remainder when q is divided by 53?
51
Suppose -t + 24 + 62 = 0. Suppose -t = -5*d - 36. What is the remainder when 137 is divided by d?
7
Let p = 2742 + -2444. What is the remainder when p is divided by 23?
22
Suppose 75*d + 836 = -76*d + 170*d. What is the remainder when 702 is divided by d?
42
Let n = 1168 + -530. Calculate the remainder when n is divided by 107.
103
Suppose -2*a = -3*y + y + 4, 2*y - 9 = -3*a. Suppose -6 + 24 = y*s. Let i = 25 - s. What is the remainder when 56 is divided by i?
18
Suppose -4*h + 8 = -0*h. Suppose -4*g - 3*u = -11, -7 = 2*g + 5*u - h. Suppose 1085 = 1011*w - 4697 + 727. Calculate the remainder when w is divided by g.
0
Let g(c) = -c**3 + 2*c**2 + 9*c + 1. Le